. Calculate the remainder when (-76)/(-38) - 3/((-6)/s) is divided by n.
16
Let x = -1326 - -1352. Let m(d) = d**2 - 25*d. What is the remainder when 286/4 - 1/(-2) is divided by m(x)?
20
Let q(w) = -51 - 9*w + 37 - 38. Calculate the remainder when 91 is divided by q(-9).
4
Suppose 175 = -41*y + 34*y. What is the remainder when 79 is divided by (-33)/(-1) + (-125)/y?
3
Let h(q) = 2*q**3 - 5*q**2 + q + 2. Let u be (7 - 5)/((16/(-10))/(-4)). Let r = u - -20. Calculate the remainder when r is divided by h(3).
11
Suppose 0*u + 60 = 3*u. Suppose -2*d + 4*j = -17 - 7, 4*j = -u. Suppose -12*s = 152*s - 1476. Calculate the remainder when s is divided by d.
1
Let t = -2835 - -3090. What is the remainder when t is divided by 29?
23
Let r(c) be the first derivative of -c**3/3 + 41*c**2/2 + 15*c + 1. Calculate the remainder when r(8) is divided by 71.
66
Let a(z) = -24*z - 190. Let o = 608 + -616. Let c(q) = 4*q + 4. What is the remainder when c(3) is divided by a(o)?
0
Let s = -856 - -856. Suppose 7*r - 57 - 496 = s. What is the remainder when r is divided by 16?
15
Calculate the remainder when 527 is divided by (-1122)/(-7) - (-2)/(-7).
47
Let s(y) = -14*y - 46. Calculate the remainder when 1087 is divided by s(-13).
135
Let c = 2 - 0. Suppose -2*u - c*u = -84. Calculate the remainder when u is divided by (-30)/(-80)*(2 + 6).
0
Let o = -16707 - -16818. What is the remainder when 172 is divided by o?
61
Let v(y) = -y**2 - 60*y - 741. Calculate the remainder when 891 is divided by v(-39).
33
Let i = 266 - 176. Suppose i = 13*s - 7*s. What is the remainder when (14/(-5))/((-2)/20) is divided by s?
13
Calculate the remainder when 97 is divided by (-64 - -63)/((-1)/41) + -1.
17
Let o(m) = -m**2 + 6*m - 4. Let y be o(1). What is the remainder when 36 is divided by -18*(((-81)/(-6))/(-9))/y?
9
Let z be (-38 - 39)/((-1)/(-1)). Let d = -67 - z. What is the remainder when 65 is divided by d?
5
Suppose u + 2*y - 58 = -3*y, 0 = -5*u + 5*y + 320. Suppose -4*w - 4*f + u = -f, -4*w + 2*f + 38 = 0. What is the remainder when 28 is divided by w?
4
Suppose 0 = 9*n + 218 - 641. Let m(d) = -7 - 3 + d**2 + 44*d - n*d. What is the remainder when m(6) is divided by 7?
1
Suppose 5*j - 986 = -2*b, 25*b - 28*b - 4*j + 1500 = 0. What is the remainder when b is divided by 128?
124
Let t(b) = 6*b + 7. Suppose -x - 2*x - 9 = 5*i, 3*x + 6 = -4*i. Suppose 15*w = 11*w + 216. What is the remainder when w is divided by t(x)?
16
Suppose -5*w + 71 - 9 = -3*v, -3*w + 2*v = -38. Suppose 14*o + 8*o - 1056 = 0. What is the remainder when o is divided by w?
8
Let x(v) = 7*v**3 - v**2 + v - 2. Calculate the remainder when x(2) is divided by (41760/12760)/(2/11).
16
Suppose -10*g - 5320 = -9072 - 7278. What is the remainder when g is divided by 19?
1
Let c = 202 - -568. Suppose 3*k + 260 - c = 0. Let l = k - 102. What is the remainder when l is divided by 27?
14
Suppose 5*y - 9*y + 8 = 0. Suppose 58 + 52 = y*c. Suppose -m - c = -2*m + w, 0 = -3*m + w + 163. What is the remainder when m is divided by 28?
26
Let z = -9944 - -9986. What is the remainder when 66 is divided by z?
24
Let w = 2583 + -2435. Calculate the remainder when 1034 is divided by w.
146
Let j(m) = 107*m**2 + 29*m - 34. What is the remainder when j(5) is divided by 147?
140
Let o(g) = 2*g**3 + g**2 - 4*g + 8. Let q(w) = -10*w**3 - 4*w**2 + 15*w - 31. Let s(c) = -9*o(c) - 2*q(c). Calculate the remainder when 38 is divided by s(2).
10
Calculate the remainder when 117 + (-12 - 2) - 5 is divided by 63.
35
Let k(z) = z**3 + 46*z**2 + 143*z + 635. What is the remainder when 33889 is divided by k(-43)?
31
Let o = -1513 + 1558. Calculate the remainder when 4722 is divided by o.
42
Let m = 7147 - 7045. Suppose 0 = 5*v - 0*v - 190. What is the remainder when m is divided by v?
26
Let w(h) = 3*h**2 + 52*h - 390. What is the remainder when 355 is divided by w(7)?
113
Suppose -1340*h - 29970 = -1346*h. Calculate the remainder when h is divided by 34.
31
Let j = -1236 - -1269. What is the remainder when 258 is divided by j?
27
Let h = -12 - -19. Suppose 0 = -12*a + h*a + 25. Suppose 46 = 4*v - a*f, 2*f - 19 - 4 = -3*v. What is the remainder when v is divided by 3?
0
Let w(s) be the third derivative of 43*s**5/60 - 7*s**4/24 + 7*s**3/6 - 8*s**2 - 1. Calculate the remainder when 343 is divided by w(1).
42
Let t = 112 + -118. Let i(m) = m**2 + 4*m + 1. What is the remainder when 36 is divided by i(t)?
10
Let u = 7 - -59. Let c = -393 - -251. Let g = 161 + c. What is the remainder when u is divided by g?
9
Suppose -5*q + 1396 = 5*g - 19, -6*g = 2*q - 1714. Calculate the remainder when g is divided by 48.
47
Let f(s) = s**2 + 9*s. Let k be f(-7). Suppose -q + y = -26 + 22, -3*y = -3. What is the remainder when 84 is divided by -4 + q + (2 - k)?
16
Let r = 179 + -166. Let i be (25/10)/(2/4). Suppose 3*g + a + 0*a = 107, -g - i*a = -45. Calculate the remainder when g is divided by r.
9
Suppose 3*b - 5*b = -t + 2, 5*b = 4*t - 11. Let a(f) = 5*f + 4*f + 5 - 3*f - f. Calculate the remainder when a(t) is divided by 14.
11
Suppose -4*u + 232 = -5*l + 943, 5*l = u + 729. What is the remainder when 3673 is divided by l?
145
Let y = -3107 - -3219. Calculate the remainder when y is divided by 19.
17
Let r(h) = h**3 + 7*h + 511. Let c be r(0). Suppose -6*p = 4*n - 10*p - 396, -c = -5*n + p. What is the remainder when n is divided by 58?
45
Suppose 3*p - 4*m + 3 - 687 = 0, -2*p + 466 = -m. What is the remainder when 486 is divided by p?
14
Suppose -1 = 2*t - 115. Suppose 113 = -4*c + 369. Suppose c*j = 84*j - 5680. What is the remainder when j is divided by t?
56
Suppose 41*x = 39*x + 8. Let j be -4 - (-1 + 3 - 4). What is the remainder when (-72)/(-16) + j/x is divided by 4?
0
Let s(w) = 2*w**3 - w**2 + 11*w - 63. Calculate the remainder when 988 is divided by s(3).
13
Let z(c) = 2*c**3 - 3*c**2 + 3*c + 7. Let f = 204 - 288. Let m = f + 87. Calculate the remainder when 83 is divided by z(m).
40
Let s = 540 + -546. Calculate the remainder when s/(-15) + ((-436)/(-5))/2 is divided by 5.
4
Suppose -5*b = 19*b - 276 - 7476. What is the remainder when b is divided by 282?
41
Let x(s) = 14*s - 544. Let b be x(38). Suppose -5*d + 31 + 54 = 0. What is the remainder when 90/1*b/(-46 - -10) is divided by d?
13
Suppose 184*y = -42*y - 13*y + 240673. Calculate the remainder when y is divided by 62.
15
Let o(q) = 3*q**2 - 27*q - 156. Calculate the remainder when o(-7) is divided by ((-13)/3)/(1/(-6)).
24
Let q be 6/((-2)/(-12) + 12/9). Suppose -q*l - 735 = -7*l. Calculate the remainder when l is divided by 6.
5
Let p(a) = 37*a - 10. Let q be p(0). What is the remainder when 222 is divided by ((-51)/34)/(1/q)?
12
Suppose 20*k = -32*k + 7800. Let l = -463 + 330. Let t = l + k. What is the remainder when t is divided by 6?
5
Let x(i) = 157*i - 17504. Let a = -43 + 71. Calculate the remainder when x(112) is divided by a.
24
Suppose -8*u = 39 + 1241. Let r = u + 185. Let n = 33 + 40. What is the remainder when n is divided by r?
23
Let n(k) = -k**2 + 21*k + 46. Let b be n(23). Suppose -2*q + 10*q - 504 = b. Calculate the remainder when q is divided by 18.
9
Suppose 219*a - 5*z + 896 = 220*a, 18 = 3*z. Calculate the remainder when a is divided by 51.
50
Let g(l) = -2*l**3 - 4*l**2 + 11*l + 22. Suppose -14*a = -a - 533. Calculate the remainder when g(-5) is divided by a.
35
Suppose 2*f = w - 2*w + 232, -4*w = 0. Suppose -f = -8*z - 28. Suppose 0 = -7*t + 6*t + z. What is the remainder when 42 is divided by t?
9
Suppose -4*t = -j + 21 + 26, 3*j - 151 = 2*t. Calculate the remainder when j is divided by 43.
8
Let i = -1750 - -1804. What is the remainder when 94 is divided by i?
40
Let l(n) = -n**3 - 12*n**2 + 33*n + 124. What is the remainder when 115 is divided by l(-14)?
7
Suppose -9*m + 997 = 7. Calculate the remainder when m is divided by 17.
8
Suppose -3*x = 4*w - 13, -5*w + 18 = x + 3*x. Let c(u) = 36*u - 114. What is the remainder when c(x) is divided by 36?
30
Let a = 205 + -203. Suppose -190 = -0*r - 5*r - 5*o, r + a*o = 43. Calculate the remainder when r is divided by 3.
0
Let g = -101 + 176. Let i(j) = -2*j**2 + 13*j + 6. Calculate the remainder when g is divided by i(5).
12
Let p = -981 - -568. Let b = -213 - p. What is the remainder when b is divided by 34?
30
Let t